 y = -g, g = 0. Is j a composite number?
False
Let m = 13 - 204. Let q = m - -452. Suppose 3*w - q = 186. Is w composite?
False
Suppose -64*z - 15 = -65*z. Suppose 0 = -5*d + p - 4*p + 3940, 3*p - z = 0. Is d a composite number?
True
Let m = 388 - 382. Let t(k) = 29*k - 6. Let h(f) = 30*f - 5. Let g(n) = 5*h(n) - 4*t(n). Is g(m) composite?
True
Let t(l) = -l**3 - 13*l**2 + 14*l + 3. Let n(y) = y**3 - 8*y**2 + 5*y. Let w be n(7). Let f be t(w). Is f/6*278/1 a composite number?
False
Let s(k) = 243*k + 257. Is s(32) composite?
True
Suppose 291 = -5*x + 3*u, 4*x - 4*u + 288 = -x. Is ((-18140)/x)/((-1)/(-3)) a composite number?
False
Suppose 0 = 6*w - 3*w - 261. Let i = 166 - w. Is i prime?
True
Is -11851*13/((-91)/2) prime?
False
Let d(m) = -76*m + 17. Let s(c) = 114*c - 25. Let r(y) = 7*d(y) + 5*s(y). Let l be r(4). Suppose 207 = h - l. Is h prime?
True
Is (-3 - 10980/(-16))*(-60)/(-9) a prime number?
False
Let l = -1550 + 908. Let z(d) = -26*d**2 - 1. Let n be z(-3). Let t = n - l. Is t a composite number?
True
Let b = 1803 - -1460. Is b a composite number?
True
Is 1 + (139512/60)/((-2)/(-30)) a composite number?
True
Suppose -p = 3*p - 8. Suppose 0*g - 4*g + 5*d = -4451, 0 = p*g - 5*d - 2223. Is g a composite number?
True
Let a be (-3 + (-10)/(-3))/(1/219). Let x = a + 398. Is x composite?
True
Suppose -30*f - 28 = -37*f. Suppose 0 = -5*j - 10, f*j - 112 - 1055 = -5*m. Is m a composite number?
True
Let x(y) be the first derivative of 2/3*y**3 - 9*y**2 - 7 + 14*y. Is x(-11) a prime number?
False
Suppose -58*q = -49*q - 125667. Is q a composite number?
False
Suppose -6*o = -12 - 6. Suppose -j - 446 = -o*j. Is j a composite number?
False
Let q(g) = 3*g**2 - 10*g - 5. Let m be q(7). Let p = 187 - m. Is p a composite number?
True
Let a = -18810 + 34469. Is a composite?
True
Let l(x) = -x + 2. Let p be l(0). Suppose -2*o = p*o - 444. Let b = 398 - o. Is b a composite number?
True
Suppose -85054 + 325378 = 28*u. Is u a prime number?
False
Let f(s) = -1 - 4*s**3 - s - 5*s - 6*s**2 + 5*s**3. Let m be f(7). Suppose -3*i = -m, -7 = 3*t + 5*i - 38. Is t a composite number?
False
Suppose 79*s = 55*s + 169464. Is s composite?
True
Suppose -8550 - 3434 = -7*u. Is (0 - 3/(-9)) + u/12 a composite number?
True
Suppose -22018 = -2*a - 0*a. Is a a composite number?
True
Let q = 120 - 241. Let o = -199 - q. Is (5/(-15))/(2/o) prime?
True
Let f(i) = 13*i**3 - 7*i**2 - 13*i + 19. Is f(6) a composite number?
True
Let w be (-2 + (-36)/(-8))*2. Suppose -5*u + 26 = 2*z, 2*z - 2*u + w*u = 18. Suppose 0 = -2*i - 2*y + 160, 4*i + z*y - 329 = 2*y. Is i composite?
False
Suppose 0 = -4*p + 4*v + v + 65, -p = -4*v - 8. Let k = -18 + p. Suppose 0 = 6*q - k*q - 284. Is q a composite number?
False
Suppose 5*k - 5*i = -3*i + 21355, i = -3*k + 12813. Is k a composite number?
False
Let q be (4/4 - 0) + 296. Let r = -133 + q. Is (r/(-8))/(2/(-20)) prime?
False
Let u be 1011/7 + (-3)/7. Suppose 287 = 3*w - m, 135 + u = 3*w - 3*m. Is w prime?
True
Suppose 0*m - 2*m = 0. Suppose 4*p + 4*c - 26 = p, m = -3*c + 15. Suppose -5*v = p*f - 131, 179 = -3*f + 6*f + 4*v. Is f a composite number?
False
Let o(k) = -68*k - 33. Is o(-5) a prime number?
True
Let c(s) = 8*s - 9. Let u be c(10). Let t = u + -30. Is (t/(-2))/(3/(-12)) prime?
False
Let m(a) = -2*a + 20*a**2 - 1 + 0 - 9*a**2 - 4*a**2. Let d be m(-1). Suppose 93 = 2*y - 5*c, 0 = 3*y - 5*c - 160 + d. Is y a composite number?
False
Let c(j) = -7790*j - 1. Let t be c(-1). Suppose 3*g = 5*d - t, 2*d + 4*g = 5*g + 3116. Is d a composite number?
False
Let m = 126 - 123. Let c(u) = 5*u**2 - u - 9. Is c(m) composite?
True
Let u = 9929 - 5940. Is u a composite number?
False
Suppose 0 = -3*h + 2*h. Suppose 6*i - 3*i + 2*g - 3569 = h, 3*i - 5*g = 3604. Is i a prime number?
True
Suppose 3*n - 50 = 5*k - 1, -12 = -4*n - 4*k. Suppose -2*c + c = n. Let g = c + 21. Is g a composite number?
False
Let i(c) = 43 - c**2 - 2 - 4*c**2 + 4*c**2. Let p be i(0). Suppose -342 = -3*v - 3*g, v - 70 = 2*g + p. Is v prime?
True
Let u = 125 + -89. Suppose u = y + 5. Is y a composite number?
False
Suppose 38*k - 41*k + 3*f + 8322 = 0, 4*k = -3*f + 11131. Is k composite?
True
Let g(b) = 54*b - 3 - 4*b**2 + 14 - b**3 - 47*b. Is g(-10) a prime number?
True
Suppose -8*i + 14312 = -21128. Suppose 3*c + 3 = 0, 3*n - 2*c - i = -3*c. Is n a composite number?
True
Let k be (-36)/10*(6 + -1). Is 14/126 - 6100/k prime?
False
Suppose 1284 = -2*h + 112. Is -2*(8 - 6)*h/8 composite?
False
Let n = -890 + -152. Is n*(-4 + (-14)/(-4)) prime?
True
Let r(h) = -4*h + 12. Let p be r(4). Is p/(-18) - (-62090)/126 prime?
False
Let z be (-18)/(-6) + (-2 - -1). Suppose z*w = 2 + 2. Is 434*2/8*w a composite number?
True
Suppose -1559 = -t + 4*w, 5*t + 5*w - 6299 = t. Is t prime?
True
Let g(i) = -18*i**2 - 4*i - 2. Let l be g(-2). Is (-12)/l + (-720)/(-33) a prime number?
False
Suppose 5*j = -0*j + 25. Suppose -j*o = -358 - 97. Is o a prime number?
False
Is 222597/2 + (-8)/(7 - 23) a composite number?
True
Let l(p) = -p + 12. Let m be 3*10/(-3)*-1. Let y be l(m). Suppose -y*a - 2 = 0, 2*f + 2*a = 5*a + 257. Is f a composite number?
False
Suppose 0 = -22*n + 18*n + 120. Suppose n*s - 28*s = 788. Is s a prime number?
False
Suppose -5*p - 11 = -3*k, -3*p - 22 = -2*k - 2*k. Is (-6)/(-1) + -2 + k a composite number?
False
Let p(m) be the third derivative of -m**6/120 + 11*m**5/60 - m**4/8 - 5*m**3/6 + m**2. Let w(r) = r**2 + 22*r - 38. Let y be w(-24). Is p(y) a composite number?
True
Is (3 + (-6814)/12)/((-1)/6) prime?
True
Suppose 0*h - 4*j = -3*h + 129155, 4*h = -5*j + 172186. Is h a composite number?
False
Let f(p) = -97*p**2 + 3*p + 8. Let v(t) = -194*t**2 + 6*t + 15. Let l(g) = 5*f(g) - 3*v(g). Is l(-6) a composite number?
True
Let t(v) = 16*v + 14. Let s be t(13). Let j = s - 99. Is j prime?
False
Suppose -4*m = -2*a + 5646, -5*m + 8*m - 5618 = -2*a. Is a a prime number?
False
Let n(p) = -p**2 - 15*p - 38. Let d be n(-11). Suppose -d*b = -5474 - 1120. Is b a prime number?
False
Is (-6 - -4)/((-4)/101978) composite?
False
Let u be (-1 - 1) + 0 - -42. Suppose 4*a + 15 = -w + u, 3*a = 12. Suppose -2 = x - w. Is x a prime number?
True
Let z = -2965 + 4760. Is z composite?
True
Suppose 0 = z, m - 3*z + 6*z = 0. Is 3 + 4235 - (m + -4) - 1 prime?
True
Let i(x) = 268*x + 393. Is i(13) a composite number?
False
Let x(l) = 3*l + 3. Let y be x(11). Let t = 15 - 37. Let o = t + y. Is o prime?
False
Suppose -148 = i - 3735. Is i composite?
True
Let w(i) = -i**2 - 4*i - 3. Let l be w(-3). Let h(f) = -f - 189. Let n(o) = 1. Let d(g) = -h(g) - 2*n(g). Is d(l) prime?
False
Let z = 188886 + -48389. Is z composite?
True
Let y be 1*(-537)/6*-2. Let k(a) = 10*a**2 + y*a**2 - 2*a + 0*a. Is k(-1) prime?
True
Let q(d) = d**3 - 18*d**2 + 14*d + 15. Is q(18) prime?
False
Let q(o) = -o - 8. Let c be q(-8). Let d(x) = 6*x**2 - x - 5*x**2 - 7 + 20 + c. Is d(0) composite?
False
Let u(h) = 806*h**2 + 1. Let d be u(1). Suppose -d - 648 = -5*g. Is g a prime number?
False
Suppose -15*a + 21*a - 29874 = 0. Is a prime?
False
Suppose 9814 + 1301 = 5*f + 3*u, 5*u + 2251 = f. Let d = f + 307. Is d a composite number?
True
Let u be ((-2 - -1) + 2)*-6. Let x(q) = -7 - 11*q - 45*q + 6*q. Is x(u) composite?
False
Let o(a) be the third derivative of 13*a**4/4 + 17*a**3/6 - 11*a**2. Is o(10) composite?
False
Let p(y) = 9*y**2 - 9*y + 10. Let r be p(-9). Suppose 0 = -10*m + 14*m - r. Is m a prime number?
False
Let o(d) = 1212*d - 131. Is o(3) a prime number?
False
Let z = -70 + 83. Suppose -z*g + 5*g = -6296. Is g composite?
False
Let w = -31846 + 46964. Is w prime?
False
Let t = 13 - 11. Suppose -t*w - 5*z + 372 + 50 = 0, z = 0. Is w prime?
True
Let i(j) = 5036*j**2 - 10*j - 3. Is i(-2) a composite number?
False
Let m(p) = 1328*p**2 + 8*p - 17. Is m(3) composite?
False
Let y = 19 - 21. Is (2055/(-45))/(y/18) composite?
True
Is (2 - 5) + (-7)/((-21)/66162) composite?
False
Let i(s) = -s**2 + 13*s + 2. Let j be i(14). Let v be (-6)/j*0/3. Is 197 + (v - (2 + -4)) a composite number?
False
Let q = -135 + 140. Is -5 + 164 + 20/q composite?
False
Suppose 0 = -5*f + 8 + 22. Let c be -9 + f + (2 - -5). Suppose -2*r + 3534 = c*r. Is r prime?
False
Let j(i) = 2775*i**3 + 3*i**2 - 2*i + 1. Is j(1) prime?
True
Let k = -10 - 27. Let y = 22 - k. Is